{"id":20,"date":"2011-09-17T08:17:35","date_gmt":"2011-09-17T08:17:35","guid":{"rendered":"http:\/\/jiujitsu-frauenkirchen.at\/?page_id=20"},"modified":"2020-07-06T19:18:59","modified_gmt":"2020-07-06T17:18:59","slug":"jiu-jitsu","status":"publish","type":"page","link":"https:\/\/www.jiujitsu-frauenkirchen.at\/?page_id=20","title":{"rendered":"Jiu Jitsu"},"content":{"rendered":"<p>Jiu-Jitsu (jap. \u67d4\u8853 = \u201eSanfte Kunst\u201c) ist eine von den japanischen Samurai stammende Kampfkunst der waffenlosen Selbstverteidigung. Jiu Jitsu kann unabh\u00e4ngig vom Alter und Geschlecht trainiert werden und bietet ein breites Spektrum von M\u00f6glichkeiten zur Selbstverteidigung und \u2013 unter anderem durch St\u00e4rkung des Charakters und Selbstbewusstseins \u2013 auch zur friedlichen L\u00f6sung von Konflikten nach dem Prinzip \u201eSiegen durch Nachgeben\u201c.<\/p>\n<p>Beim Training gelten strenge H\u00f6flichkeitsregeln und ein bestimmter Verhaltenskodex.\u00a0 Gegenseitiger Respekt und H\u00f6flichkeit ist ein grundlegendes Prinzip. Wichtig ist zu Beginn das Erlernen der \u201eFallschule\u201c, das ist das richtige Fallen, ohne sich zu verletzen, was als Grundlage f\u00fcr das weitere Training dient.<\/p>\n<p>In weiterer Folge werden <a href=\"http:\/\/de.wikipedia.org\/wiki\/Schlagtechnik\">Schlag-<\/a>, <a href=\"http:\/\/de.wikipedia.org\/wiki\/Tritttechnik\">Tritt-<\/a>, <a href=\"http:\/\/de.wikipedia.org\/w\/index.php?title=Sto%C3%9Ftechnik&amp;action=edit&amp;redlink=1\">Sto\u00df-<\/a>, <a href=\"http:\/\/de.wikipedia.org\/wiki\/Wurftechnik_%28Kampfsport%29\">Wurf-<\/a>, <a href=\"http:\/\/de.wikipedia.org\/wiki\/Hebeltechnik\">Hebel-<\/a> und <a href=\"http:\/\/de.wikipedia.org\/wiki\/W%C3%BCrgegriff\">W\u00fcrgetechniken<\/a> gelehrt. Dies geschieht nat\u00fcrlich in einem Ausma\u00df, wie es dem Alter und der Reife der jeweiligen Sch\u00fcler zuzumuten ist. Jiu-Jitsu ist nicht nur eine M\u00f6glichkeit seinen K\u00f6rper in Form zu bringen, sondern auch die Chance, seinen Geist zu st\u00e4rken.<\/p>\n<p>&nbsp;<\/p>\n","protected":false},"excerpt":{"rendered":"<p>Jiu-Jitsu (jap. \u67d4\u8853 = \u201eSanfte Kunst\u201c) ist eine von den japanischen Samurai stammende Kampfkunst der waffenlosen Selbstverteidigung. Jiu Jitsu kann unabh\u00e4ngig vom Alter und Geschlecht trainiert werden und bietet ein breites Spektrum von M\u00f6glichkeiten zur Selbstverteidigung und \u2013 unter anderem &hellip; <a href=\"https:\/\/www.jiujitsu-frauenkirchen.at\/?page_id=20\">Weiterlesen <span class=\"meta-nav\">&rarr;<\/span><\/a><\/p>\n","protected":false},"author":4,"featured_media":0,"parent":0,"menu_order":2,"comment_status":"closed","ping_status":"closed","template":"","meta":[],"_links":{"self":[{"href":"https:\/\/www.jiujitsu-frauenkirchen.at\/index.php?rest_route=\/wp\/v2\/pages\/20"}],"collection":[{"href":"https:\/\/www.jiujitsu-frauenkirchen.at\/index.php?rest_route=\/wp\/v2\/pages"}],"about":[{"href":"https:\/\/www.jiujitsu-frauenkirchen.at\/index.php?rest_route=\/wp\/v2\/types\/page"}],"author":[{"embeddable":true,"href":"https:\/\/www.jiujitsu-frauenkirchen.at\/index.php?rest_route=\/wp\/v2\/users\/4"}],"replies":[{"embeddable":true,"href":"https:\/\/www.jiujitsu-frauenkirchen.at\/index.php?rest_route=%2Fwp%2Fv2%2Fcomments&post=20"}],"version-history":[{"count":10,"href":"https:\/\/www.jiujitsu-frauenkirchen.at\/index.php?rest_route=\/wp\/v2\/pages\/20\/revisions"}],"predecessor-version":[{"id":1253,"href":"https:\/\/www.jiujitsu-frauenkirchen.at\/index.php?rest_route=\/wp\/v2\/pages\/20\/revisions\/1253"}],"wp:attachment":[{"href":"https:\/\/www.jiujitsu-frauenkirchen.at\/index.php?rest_route=%2Fwp%2Fv2%2Fmedia&parent=20"}],"curies":[{"name":"wp","href":"https:\/\/api.w.org\/{rel}","templated":true}]}}