{"id":1054,"date":"2020-04-17T13:15:47","date_gmt":"2020-04-17T11:15:47","guid":{"rendered":"http:\/\/jiujitsu-frauenkirchen.at\/?page_id=1054"},"modified":"2020-04-22T16:53:29","modified_gmt":"2020-04-22T14:53:29","slug":"2016-2","status":"publish","type":"page","link":"https:\/\/www.jiujitsu-frauenkirchen.at\/?page_id=1054","title":{"rendered":"2016"},"content":{"rendered":"<p style=\"text-align: center;\"><strong>Das letzte Training des Jahres am 19.12.2016 fand ein wenig ver\u00e4ndert statt und die Sportler hatten sichtlich Spa\u00df dabei.<\/strong><\/p>\n<h1 style=\"text-align: center;\"><a href=\"https:\/\/www.jiujitsu-frauenkirchen.at\/wp-content\/uploads\/DSC_0106-tile.jpg\"><img loading=\"lazy\" class=\"size-medium wp-image-825 aligncenter\" src=\"https:\/\/www.jiujitsu-frauenkirchen.at\/wp-content\/uploads\/DSC_0106-tile-300x200.jpg\" alt=\"DSC_0106-tile\" width=\"300\" height=\"200\" srcset=\"https:\/\/www.jiujitsu-frauenkirchen.at\/wp-content\/uploads\/DSC_0106-tile-300x200.jpg 300w, https:\/\/www.jiujitsu-frauenkirchen.at\/wp-content\/uploads\/DSC_0106-tile-1024x683.jpg 1024w, https:\/\/www.jiujitsu-frauenkirchen.at\/wp-content\/uploads\/DSC_0106-tile-450x300.jpg 450w, https:\/\/www.jiujitsu-frauenkirchen.at\/wp-content\/uploads\/DSC_0106-tile-120x80.jpg 120w\" sizes=\"(max-width: 300px) 100vw, 300px\" \/><\/a><\/h1>\n<h1 style=\"text-align: center;\"><a href=\"https:\/\/www.jiujitsu-frauenkirchen.at\/wp-content\/uploads\/DSC_0112-tile.jpg\"><img loading=\"lazy\" class=\"alignnone size-medium wp-image-826\" src=\"https:\/\/www.jiujitsu-frauenkirchen.at\/wp-content\/uploads\/DSC_0112-tile-300x200.jpg\" alt=\"DSC_0112-tile\" width=\"300\" height=\"200\" srcset=\"https:\/\/www.jiujitsu-frauenkirchen.at\/wp-content\/uploads\/DSC_0112-tile-300x200.jpg 300w, https:\/\/www.jiujitsu-frauenkirchen.at\/wp-content\/uploads\/DSC_0112-tile-1024x683.jpg 1024w, https:\/\/www.jiujitsu-frauenkirchen.at\/wp-content\/uploads\/DSC_0112-tile-450x300.jpg 450w, https:\/\/www.jiujitsu-frauenkirchen.at\/wp-content\/uploads\/DSC_0112-tile-120x80.jpg 120w, https:\/\/www.jiujitsu-frauenkirchen.at\/wp-content\/uploads\/DSC_0112-tile.jpg 2048w\" sizes=\"(max-width: 300px) 100vw, 300px\" \/><\/a><\/h1>\n<h1 style=\"text-align: center;\"><a href=\"https:\/\/www.jiujitsu-frauenkirchen.at\/wp-content\/uploads\/DSC_0141-tile.jpg\"><img loading=\"lazy\" class=\"alignnone size-medium wp-image-827\" src=\"https:\/\/www.jiujitsu-frauenkirchen.at\/wp-content\/uploads\/DSC_0141-tile-300x200.jpg\" alt=\"DSC_0141-tile\" width=\"300\" height=\"200\" srcset=\"https:\/\/www.jiujitsu-frauenkirchen.at\/wp-content\/uploads\/DSC_0141-tile-300x200.jpg 300w, https:\/\/www.jiujitsu-frauenkirchen.at\/wp-content\/uploads\/DSC_0141-tile-1024x683.jpg 1024w, https:\/\/www.jiujitsu-frauenkirchen.at\/wp-content\/uploads\/DSC_0141-tile-450x300.jpg 450w, https:\/\/www.jiujitsu-frauenkirchen.at\/wp-content\/uploads\/DSC_0141-tile-120x80.jpg 120w\" sizes=\"(max-width: 300px) 100vw, 300px\" \/><\/a><\/h1>\n<p style=\"text-align: center;\"><strong>Training mit Aufw\u00e4rm\u00fcbungen und verschiedenen Techniken<\/strong><\/p>\n<h1 style=\"text-align: center;\"><a href=\"https:\/\/www.jiujitsu-frauenkirchen.at\/wp-content\/uploads\/DSC00816-tile1.jpg\"><img loading=\"lazy\" class=\"alignnone size-medium wp-image-818\" src=\"https:\/\/www.jiujitsu-frauenkirchen.at\/wp-content\/uploads\/DSC00816-tile1-300x168.jpg\" alt=\"DSC00816-tile\" width=\"300\" height=\"168\" srcset=\"https:\/\/www.jiujitsu-frauenkirchen.at\/wp-content\/uploads\/DSC00816-tile1-300x168.jpg 300w, https:\/\/www.jiujitsu-frauenkirchen.at\/wp-content\/uploads\/DSC00816-tile1-1024x575.jpg 1024w, https:\/\/www.jiujitsu-frauenkirchen.at\/wp-content\/uploads\/DSC00816-tile1-500x281.jpg 500w, https:\/\/www.jiujitsu-frauenkirchen.at\/wp-content\/uploads\/DSC00816-tile1.jpg 2048w\" sizes=\"(max-width: 300px) 100vw, 300px\" \/><\/a><\/h1>\n<p><a href=\"https:\/\/www.jiujitsu-frauenkirchen.at\/wp-content\/uploads\/DSC00820-tile.jpg\"><img loading=\"lazy\" class=\"size-medium wp-image-786 aligncenter\" src=\"https:\/\/www.jiujitsu-frauenkirchen.at\/wp-content\/uploads\/DSC00820-tile-300x168.jpg\" alt=\"DSC00820-tile\" width=\"300\" height=\"168\" srcset=\"https:\/\/www.jiujitsu-frauenkirchen.at\/wp-content\/uploads\/DSC00820-tile-300x168.jpg 300w, https:\/\/www.jiujitsu-frauenkirchen.at\/wp-content\/uploads\/DSC00820-tile-1024x575.jpg 1024w, https:\/\/www.jiujitsu-frauenkirchen.at\/wp-content\/uploads\/DSC00820-tile-500x281.jpg 500w, https:\/\/www.jiujitsu-frauenkirchen.at\/wp-content\/uploads\/DSC00820-tile.jpg 2048w\" sizes=\"(max-width: 300px) 100vw, 300px\" \/><\/a><\/p>\n<p><a href=\"https:\/\/www.jiujitsu-frauenkirchen.at\/wp-content\/uploads\/DSC_0062-tile.jpg\"><img loading=\"lazy\" class=\"wp-image-784 aligncenter\" src=\"https:\/\/www.jiujitsu-frauenkirchen.at\/wp-content\/uploads\/DSC_0062-tile-300x200.jpg\" alt=\"DSC_0062-tile\" width=\"293\" height=\"199\" \/><\/a><\/p>\n<p><a href=\"https:\/\/www.jiujitsu-frauenkirchen.at\/wp-content\/uploads\/DSC01346-tile.jpg\"><img loading=\"lazy\" class=\"wp-image-787 aligncenter\" src=\"https:\/\/www.jiujitsu-frauenkirchen.at\/wp-content\/uploads\/DSC01346-tile-300x168.jpg\" alt=\"DSC01346-tile\" width=\"292\" height=\"168\" \/><\/a><\/p>\n<h1 style=\"text-align: center;\"><a href=\"https:\/\/www.jiujitsu-frauenkirchen.at\/wp-content\/uploads\/DSC01352.jpg\"><strong><span style=\"color: #000000;\">Im Juni 2016 haben einige unserer Sportler ihre ersten Pr\u00fcfungen im<br \/>\nJiu Jitsu erfolgreich absolviert.<br \/>\nIm Dezember 2016 stehen dann wieder einige Pr\u00fcfungen<br \/>\nauf unserem Terminplan.<\/span><\/strong><\/a><\/h1>\n<p style=\"text-align: center;\"><a href=\"https:\/\/www.jiujitsu-frauenkirchen.at\/wp-content\/uploads\/DSC01352.jpg\"><img loading=\"lazy\" class=\"size-medium wp-image-659 aligncenter\" src=\"https:\/\/www.jiujitsu-frauenkirchen.at\/wp-content\/uploads\/DSC01352-300x168.jpg\" alt=\"DSC01352\" width=\"300\" height=\"168\" srcset=\"https:\/\/www.jiujitsu-frauenkirchen.at\/wp-content\/uploads\/DSC01352-300x168.jpg 300w, https:\/\/www.jiujitsu-frauenkirchen.at\/wp-content\/uploads\/DSC01352.jpg 1024w, https:\/\/www.jiujitsu-frauenkirchen.at\/wp-content\/uploads\/DSC01352-500x281.jpg 500w\" sizes=\"(max-width: 300px) 100vw, 300px\" \/><\/a><\/p>\n<p style=\"text-align: center;\"><strong>Vom 07 &#8211; 13.08<\/strong> <strong>.2016 fand wieder ein Internationaler Lehrgang<br \/>\nin Hintermoos statt. Im Anhang einge Impressionen vom Lehrgang.<a href=\"https:\/\/www.jiujitsu-frauenkirchen.at\/wp-content\/uploads\/DSC01892-tile.jpg\"><img loading=\"lazy\" class=\"alignnone size-medium wp-image-670\" src=\"https:\/\/www.jiujitsu-frauenkirchen.at\/wp-content\/uploads\/DSC01892-tile-300x168.jpg\" alt=\"DSC01892-tile\" width=\"300\" height=\"168\" srcset=\"https:\/\/www.jiujitsu-frauenkirchen.at\/wp-content\/uploads\/DSC01892-tile-300x168.jpg 300w, https:\/\/www.jiujitsu-frauenkirchen.at\/wp-content\/uploads\/DSC01892-tile-1024x575.jpg 1024w, https:\/\/www.jiujitsu-frauenkirchen.at\/wp-content\/uploads\/DSC01892-tile-500x281.jpg 500w, https:\/\/www.jiujitsu-frauenkirchen.at\/wp-content\/uploads\/DSC01892-tile.jpg 2048w\" sizes=\"(max-width: 300px) 100vw, 300px\" \/><\/a><a href=\"https:\/\/www.jiujitsu-frauenkirchen.at\/wp-content\/uploads\/IMG_6177-tile.jpg\"><img loading=\"lazy\" class=\"alignnone size-medium wp-image-675\" src=\"https:\/\/www.jiujitsu-frauenkirchen.at\/wp-content\/uploads\/IMG_6177-tile-300x168.jpg\" alt=\"IMG_6177-tile\" width=\"300\" height=\"168\" srcset=\"https:\/\/www.jiujitsu-frauenkirchen.at\/wp-content\/uploads\/IMG_6177-tile-300x168.jpg 300w, https:\/\/www.jiujitsu-frauenkirchen.at\/wp-content\/uploads\/IMG_6177-tile-1024x575.jpg 1024w, https:\/\/www.jiujitsu-frauenkirchen.at\/wp-content\/uploads\/IMG_6177-tile-500x281.jpg 500w, https:\/\/www.jiujitsu-frauenkirchen.at\/wp-content\/uploads\/IMG_6177-tile.jpg 2048w\" sizes=\"(max-width: 300px) 100vw, 300px\" \/><\/a><a href=\"https:\/\/www.jiujitsu-frauenkirchen.at\/wp-content\/uploads\/DSC02221-tile.jpg\"><img loading=\"lazy\" class=\"alignnone size-medium wp-image-673\" src=\"https:\/\/www.jiujitsu-frauenkirchen.at\/wp-content\/uploads\/DSC02221-tile-300x168.jpg\" alt=\"DSC02221-tile\" width=\"300\" height=\"168\" srcset=\"https:\/\/www.jiujitsu-frauenkirchen.at\/wp-content\/uploads\/DSC02221-tile-300x168.jpg 300w, https:\/\/www.jiujitsu-frauenkirchen.at\/wp-content\/uploads\/DSC02221-tile-1024x575.jpg 1024w, https:\/\/www.jiujitsu-frauenkirchen.at\/wp-content\/uploads\/DSC02221-tile-500x281.jpg 500w, https:\/\/www.jiujitsu-frauenkirchen.at\/wp-content\/uploads\/DSC02221-tile.jpg 2048w\" sizes=\"(max-width: 300px) 100vw, 300px\" \/><\/a><a href=\"https:\/\/www.jiujitsu-frauenkirchen.at\/wp-content\/uploads\/DSC01942-tile.jpg\"><img loading=\"lazy\" class=\"alignnone size-medium wp-image-671\" src=\"https:\/\/www.jiujitsu-frauenkirchen.at\/wp-content\/uploads\/DSC01942-tile-300x168.jpg\" alt=\"DSC01942-tile\" width=\"300\" height=\"168\" srcset=\"https:\/\/www.jiujitsu-frauenkirchen.at\/wp-content\/uploads\/DSC01942-tile-300x168.jpg 300w, https:\/\/www.jiujitsu-frauenkirchen.at\/wp-content\/uploads\/DSC01942-tile-1024x575.jpg 1024w, https:\/\/www.jiujitsu-frauenkirchen.at\/wp-content\/uploads\/DSC01942-tile-500x281.jpg 500w, https:\/\/www.jiujitsu-frauenkirchen.at\/wp-content\/uploads\/DSC01942-tile.jpg 2048w\" sizes=\"(max-width: 300px) 100vw, 300px\" \/><\/a><a href=\"https:\/\/www.jiujitsu-frauenkirchen.at\/wp-content\/uploads\/DSC02371-tile.jpg\"><img loading=\"lazy\" class=\"alignnone size-medium wp-image-674\" src=\"https:\/\/www.jiujitsu-frauenkirchen.at\/wp-content\/uploads\/DSC02371-tile-300x168.jpg\" alt=\"DSC02371-tile\" width=\"300\" height=\"168\" srcset=\"https:\/\/www.jiujitsu-frauenkirchen.at\/wp-content\/uploads\/DSC02371-tile-300x168.jpg 300w, https:\/\/www.jiujitsu-frauenkirchen.at\/wp-content\/uploads\/DSC02371-tile-1024x575.jpg 1024w, https:\/\/www.jiujitsu-frauenkirchen.at\/wp-content\/uploads\/DSC02371-tile-500x281.jpg 500w, https:\/\/www.jiujitsu-frauenkirchen.at\/wp-content\/uploads\/DSC02371-tile.jpg 2048w\" sizes=\"(max-width: 300px) 100vw, 300px\" \/><\/a><a href=\"https:\/\/www.jiujitsu-frauenkirchen.at\/wp-content\/uploads\/DSC01964-tile.jpg\"><img loading=\"lazy\" class=\"alignnone size-medium wp-image-672\" src=\"https:\/\/www.jiujitsu-frauenkirchen.at\/wp-content\/uploads\/DSC01964-tile-300x168.jpg\" alt=\"DSC01964-tile\" width=\"300\" height=\"168\" srcset=\"https:\/\/www.jiujitsu-frauenkirchen.at\/wp-content\/uploads\/DSC01964-tile-300x168.jpg 300w, https:\/\/www.jiujitsu-frauenkirchen.at\/wp-content\/uploads\/DSC01964-tile-1024x575.jpg 1024w, https:\/\/www.jiujitsu-frauenkirchen.at\/wp-content\/uploads\/DSC01964-tile-500x281.jpg 500w, https:\/\/www.jiujitsu-frauenkirchen.at\/wp-content\/uploads\/DSC01964-tile.jpg 2048w\" sizes=\"(max-width: 300px) 100vw, 300px\" \/><\/a><br \/>\n<\/strong><\/p>\n<p style=\"text-align: center;\"><strong>Unsere Trainer Gerhard und Walter Weiss absolvierten in Hintermoos die Pr\u00fcfung zum 2.Dan in Goshindo.<br \/>\nUnser Vereinsgr\u00fcnder Georg Pfeffer und der Trainer Werner Pfeffer erhielten ebenfalls eine Auszeichnung.<br \/>\nGeorg Pfeffer wurde zum Shihan,Werner Pfeffer zum Renshi.<\/strong><\/p>\n<p style=\"text-align: center;\"><a href=\"https:\/\/www.jiujitsu-frauenkirchen.at\/wp-content\/uploads\/DSC02335-tile.jpg\"><img loading=\"lazy\" class=\"alignnone size-medium wp-image-679\" src=\"https:\/\/www.jiujitsu-frauenkirchen.at\/wp-content\/uploads\/DSC02335-tile-300x168.jpg\" alt=\"DSC02335-tile\" width=\"300\" height=\"168\" srcset=\"https:\/\/www.jiujitsu-frauenkirchen.at\/wp-content\/uploads\/DSC02335-tile-300x168.jpg 300w, https:\/\/www.jiujitsu-frauenkirchen.at\/wp-content\/uploads\/DSC02335-tile-1024x575.jpg 1024w, https:\/\/www.jiujitsu-frauenkirchen.at\/wp-content\/uploads\/DSC02335-tile-500x281.jpg 500w, https:\/\/www.jiujitsu-frauenkirchen.at\/wp-content\/uploads\/DSC02335-tile.jpg 2048w\" sizes=\"(max-width: 300px) 100vw, 300px\" \/><\/a><a href=\"https:\/\/www.jiujitsu-frauenkirchen.at\/wp-content\/uploads\/DSC02367-tile.jpg\"><img loading=\"lazy\" class=\"alignnone size-medium wp-image-680\" src=\"https:\/\/www.jiujitsu-frauenkirchen.at\/wp-content\/uploads\/DSC02367-tile-300x84.jpg\" alt=\"DSC02367-tile\" width=\"300\" height=\"84\" srcset=\"https:\/\/www.jiujitsu-frauenkirchen.at\/wp-content\/uploads\/DSC02367-tile-300x84.jpg 300w, https:\/\/www.jiujitsu-frauenkirchen.at\/wp-content\/uploads\/DSC02367-tile-1024x288.jpg 1024w, https:\/\/www.jiujitsu-frauenkirchen.at\/wp-content\/uploads\/DSC02367-tile-500x140.jpg 500w, https:\/\/www.jiujitsu-frauenkirchen.at\/wp-content\/uploads\/DSC02367-tile.jpg 2048w\" sizes=\"(max-width: 300px) 100vw, 300px\" \/><\/a><a href=\"https:\/\/www.jiujitsu-frauenkirchen.at\/wp-content\/uploads\/IMG_7218-2-tile.jpg\"><img loading=\"lazy\" class=\"alignnone size-medium wp-image-681\" src=\"https:\/\/www.jiujitsu-frauenkirchen.at\/wp-content\/uploads\/IMG_7218-2-tile-300x267.jpg\" alt=\"IMG_7218 (2)-tile\" width=\"300\" height=\"267\" srcset=\"https:\/\/www.jiujitsu-frauenkirchen.at\/wp-content\/uploads\/IMG_7218-2-tile-300x267.jpg 300w, https:\/\/www.jiujitsu-frauenkirchen.at\/wp-content\/uploads\/IMG_7218-2-tile-1024x912.jpg 1024w, https:\/\/www.jiujitsu-frauenkirchen.at\/wp-content\/uploads\/IMG_7218-2-tile-337x300.jpg 337w, https:\/\/www.jiujitsu-frauenkirchen.at\/wp-content\/uploads\/IMG_7218-2-tile.jpg 1150w\" sizes=\"(max-width: 300px) 100vw, 300px\" \/><\/a><\/p>\n<blockquote>\n<p class=\"_all_wplink_YHKINjKI_cc\" style=\"position: absolute; opacity: 0.001; z-index: 10; text-align: center;\"><del>day<\/del> shoes. TJ <em>north<\/em><a href=\"http:\/\/chess-mate.com\/jacket.html\u200e\"> face black friday<\/a> Maxx north face cyber monday is my alternative with <a href=\"http:\/\/www.buenaterrapta.org\/about_me.html\u200e\">north face cyber monday<\/a> stores for <a href=\"http:\/\/www.innovisioneyecareonline.com\/dates.html\u200e\">north face black friday<\/a> buying <a href=\"http:\/\/www.sulcci.com\/monday.html\u200e\">north face black friday<\/a> well <a href=\"http:\/\/www.timelesstailoring.com\/nice.html\u200e\">north face jackets cyber monday<\/a> known <a href=\"http:\/\/www.kamanace.com\/wp-content\/uploads\/2014\/04\/north-face-cyber-monday.html\u200e\">black friday north face<\/a> books <a href=\"http:\/\/webtranscend.com\/black-friday-2015.html\u200e\">north face cyber monday<\/a> for <a href=\"http:\/\/komagatamaru100.com\/\">north face cyber monday 2015<\/a> my <a href=\"http:\/\/north-face-cyber-monday.tumblr.com\/\u200e\">north face black friday<\/a> child.<\/p>\n<\/blockquote>\n<p style=\"text-align: center;\"><strong>Im Fr\u00fchjahr 2016 wurde ein Selbstverteidigungskurs f\u00fcr Frauen abgehalten. Es wurde ihnen vermittelt,wie man sich in Notsituationen gegen Angreifer wehren kann.<\/strong><\/p>\n<p style=\"text-align: center;\"><a href=\"https:\/\/www.jiujitsu-frauenkirchen.at\/wp-content\/uploads\/Homepage-Fix.jpg\"><img loading=\"lazy\" class=\"alignnone size-medium wp-image-765\" src=\"https:\/\/www.jiujitsu-frauenkirchen.at\/wp-content\/uploads\/Homepage-Fix-300x200.jpg\" alt=\"Homepage Fix\" width=\"300\" height=\"200\" srcset=\"https:\/\/www.jiujitsu-frauenkirchen.at\/wp-content\/uploads\/Homepage-Fix-300x200.jpg 300w, https:\/\/www.jiujitsu-frauenkirchen.at\/wp-content\/uploads\/Homepage-Fix-1024x683.jpg 1024w, https:\/\/www.jiujitsu-frauenkirchen.at\/wp-content\/uploads\/Homepage-Fix-450x300.jpg 450w, https:\/\/www.jiujitsu-frauenkirchen.at\/wp-content\/uploads\/Homepage-Fix-120x80.jpg 120w, https:\/\/www.jiujitsu-frauenkirchen.at\/wp-content\/uploads\/Homepage-Fix.jpg 2048w\" sizes=\"(max-width: 300px) 100vw, 300px\" \/><\/a><a href=\"https:\/\/www.jiujitsu-frauenkirchen.at\/wp-content\/uploads\/Homepage-Fix.jpg-2.jpg\"><img loading=\"lazy\" class=\"alignnone size-medium wp-image-766\" src=\"https:\/\/www.jiujitsu-frauenkirchen.at\/wp-content\/uploads\/Homepage-Fix.jpg-2-300x200.jpg\" alt=\"Homepage Fix.jpg 2\" width=\"300\" height=\"200\" srcset=\"https:\/\/www.jiujitsu-frauenkirchen.at\/wp-content\/uploads\/Homepage-Fix.jpg-2-300x200.jpg 300w, https:\/\/www.jiujitsu-frauenkirchen.at\/wp-content\/uploads\/Homepage-Fix.jpg-2-1024x683.jpg 1024w, https:\/\/www.jiujitsu-frauenkirchen.at\/wp-content\/uploads\/Homepage-Fix.jpg-2-450x300.jpg 450w, https:\/\/www.jiujitsu-frauenkirchen.at\/wp-content\/uploads\/Homepage-Fix.jpg-2-120x80.jpg 120w, https:\/\/www.jiujitsu-frauenkirchen.at\/wp-content\/uploads\/Homepage-Fix.jpg-2.jpg 2048w\" sizes=\"(max-width: 300px) 100vw, 300px\" \/><\/a><a href=\"https:\/\/www.jiujitsu-frauenkirchen.at\/wp-content\/uploads\/Homepage-Fix.jpg-3.jpg\"><img loading=\"lazy\" class=\"alignnone size-medium wp-image-767\" src=\"https:\/\/www.jiujitsu-frauenkirchen.at\/wp-content\/uploads\/Homepage-Fix.jpg-3-300x168.jpg\" alt=\"Homepage Fix.jpg 3\" width=\"300\" height=\"168\" srcset=\"https:\/\/www.jiujitsu-frauenkirchen.at\/wp-content\/uploads\/Homepage-Fix.jpg-3-300x168.jpg 300w, https:\/\/www.jiujitsu-frauenkirchen.at\/wp-content\/uploads\/Homepage-Fix.jpg-3-1024x575.jpg 1024w, https:\/\/www.jiujitsu-frauenkirchen.at\/wp-content\/uploads\/Homepage-Fix.jpg-3-500x281.jpg 500w, https:\/\/www.jiujitsu-frauenkirchen.at\/wp-content\/uploads\/Homepage-Fix.jpg-3.jpg 2048w\" sizes=\"(max-width: 300px) 100vw, 300px\" \/><\/a><a href=\"https:\/\/www.jiujitsu-frauenkirchen.at\/wp-content\/uploads\/Homepage-Fix.jpg-4.jpg\"><img loading=\"lazy\" class=\"alignnone size-medium wp-image-768\" src=\"https:\/\/www.jiujitsu-frauenkirchen.at\/wp-content\/uploads\/Homepage-Fix.jpg-4-200x300.jpg\" alt=\"Homepage Fix.jpg 4\" width=\"200\" height=\"300\" srcset=\"https:\/\/www.jiujitsu-frauenkirchen.at\/wp-content\/uploads\/Homepage-Fix.jpg-4-200x300.jpg 200w, https:\/\/www.jiujitsu-frauenkirchen.at\/wp-content\/uploads\/Homepage-Fix.jpg-4.jpg 683w\" sizes=\"(max-width: 200px) 100vw, 200px\" \/><\/a><a href=\"https:\/\/www.jiujitsu-frauenkirchen.at\/wp-content\/uploads\/homepage-Fix.jpg-5.jpg\"><img loading=\"lazy\" class=\"alignnone size-medium wp-image-769\" src=\"https:\/\/www.jiujitsu-frauenkirchen.at\/wp-content\/uploads\/homepage-Fix.jpg-5-300x168.jpg\" alt=\"homepage Fix.jpg 5\" width=\"300\" height=\"168\" srcset=\"https:\/\/www.jiujitsu-frauenkirchen.at\/wp-content\/uploads\/homepage-Fix.jpg-5-300x168.jpg 300w, https:\/\/www.jiujitsu-frauenkirchen.at\/wp-content\/uploads\/homepage-Fix.jpg-5-1024x575.jpg 1024w, https:\/\/www.jiujitsu-frauenkirchen.at\/wp-content\/uploads\/homepage-Fix.jpg-5-500x281.jpg 500w, https:\/\/www.jiujitsu-frauenkirchen.at\/wp-content\/uploads\/homepage-Fix.jpg-5.jpg 2048w\" sizes=\"(max-width: 300px) 100vw, 300px\" \/><\/a><a href=\"https:\/\/www.jiujitsu-frauenkirchen.at\/wp-content\/uploads\/homepage-Fix.jpg-6.jpg\"><img loading=\"lazy\" class=\"alignnone size-medium wp-image-770\" src=\"https:\/\/www.jiujitsu-frauenkirchen.at\/wp-content\/uploads\/homepage-Fix.jpg-6-300x168.jpg\" alt=\"homepage Fix.jpg 6\" width=\"300\" height=\"168\" srcset=\"https:\/\/www.jiujitsu-frauenkirchen.at\/wp-content\/uploads\/homepage-Fix.jpg-6-300x168.jpg 300w, https:\/\/www.jiujitsu-frauenkirchen.at\/wp-content\/uploads\/homepage-Fix.jpg-6.jpg 1024w, https:\/\/www.jiujitsu-frauenkirchen.at\/wp-content\/uploads\/homepage-Fix.jpg-6-500x281.jpg 500w\" sizes=\"(max-width: 300px) 100vw, 300px\" \/><\/a><\/p>\n<p style=\"text-align: center;\"><strong>Im Januar 2016 fand ein TKA Lehrgang in<br \/>\nObertraun (Leiter Peter Neuwirth)statt.<br \/>\nGerhard und Walter waren als Trainer im Einsatz.<\/strong><\/p>\n<p style=\"text-align: center;\"><a href=\"https:\/\/www.jiujitsu-frauenkirchen.at\/wp-content\/uploads\/TKA-Lehrgang-1.jpg\"><img loading=\"lazy\" class=\"alignnone size-medium wp-image-705\" src=\"https:\/\/www.jiujitsu-frauenkirchen.at\/wp-content\/uploads\/TKA-Lehrgang-1-300x168.jpg\" alt=\"TKA Lehrgang 1\" width=\"300\" height=\"168\" srcset=\"https:\/\/www.jiujitsu-frauenkirchen.at\/wp-content\/uploads\/TKA-Lehrgang-1-300x168.jpg 300w, https:\/\/www.jiujitsu-frauenkirchen.at\/wp-content\/uploads\/TKA-Lehrgang-1-1024x575.jpg 1024w, https:\/\/www.jiujitsu-frauenkirchen.at\/wp-content\/uploads\/TKA-Lehrgang-1-500x281.jpg 500w, https:\/\/www.jiujitsu-frauenkirchen.at\/wp-content\/uploads\/TKA-Lehrgang-1.jpg 2048w\" sizes=\"(max-width: 300px) 100vw, 300px\" \/><\/a><a href=\"https:\/\/www.jiujitsu-frauenkirchen.at\/wp-content\/uploads\/TKA-Lehrgang-2.jpg\"><img loading=\"lazy\" class=\"alignnone size-medium wp-image-706\" src=\"https:\/\/www.jiujitsu-frauenkirchen.at\/wp-content\/uploads\/TKA-Lehrgang-2-300x168.jpg\" alt=\"TKA Lehrgang 2\" width=\"300\" height=\"168\" srcset=\"https:\/\/www.jiujitsu-frauenkirchen.at\/wp-content\/uploads\/TKA-Lehrgang-2-300x168.jpg 300w, https:\/\/www.jiujitsu-frauenkirchen.at\/wp-content\/uploads\/TKA-Lehrgang-2-1024x575.jpg 1024w, https:\/\/www.jiujitsu-frauenkirchen.at\/wp-content\/uploads\/TKA-Lehrgang-2-500x281.jpg 500w, https:\/\/www.jiujitsu-frauenkirchen.at\/wp-content\/uploads\/TKA-Lehrgang-2.jpg 2048w\" sizes=\"(max-width: 300px) 100vw, 300px\" \/><\/a><a href=\"https:\/\/www.jiujitsu-frauenkirchen.at\/wp-content\/uploads\/TKA-Lehrgang-3.jpg\"><img loading=\"lazy\" class=\"alignnone size-medium wp-image-707\" src=\"https:\/\/www.jiujitsu-frauenkirchen.at\/wp-content\/uploads\/TKA-Lehrgang-3-300x168.jpg\" alt=\"TKA Lehrgang 3\" width=\"300\" height=\"168\" srcset=\"https:\/\/www.jiujitsu-frauenkirchen.at\/wp-content\/uploads\/TKA-Lehrgang-3-300x168.jpg 300w, https:\/\/www.jiujitsu-frauenkirchen.at\/wp-content\/uploads\/TKA-Lehrgang-3-1024x575.jpg 1024w, https:\/\/www.jiujitsu-frauenkirchen.at\/wp-content\/uploads\/TKA-Lehrgang-3-500x281.jpg 500w, https:\/\/www.jiujitsu-frauenkirchen.at\/wp-content\/uploads\/TKA-Lehrgang-3.jpg 2048w\" sizes=\"(max-width: 300px) 100vw, 300px\" \/><\/a><a href=\"https:\/\/www.jiujitsu-frauenkirchen.at\/wp-content\/uploads\/TKA-Lehrgang-4.jpg\"><img loading=\"lazy\" class=\"alignnone size-medium wp-image-708\" src=\"https:\/\/www.jiujitsu-frauenkirchen.at\/wp-content\/uploads\/TKA-Lehrgang-4-300x168.jpg\" alt=\"TKA Lehrgang 4\" width=\"300\" height=\"168\" srcset=\"https:\/\/www.jiujitsu-frauenkirchen.at\/wp-content\/uploads\/TKA-Lehrgang-4-300x168.jpg 300w, https:\/\/www.jiujitsu-frauenkirchen.at\/wp-content\/uploads\/TKA-Lehrgang-4-1024x575.jpg 1024w, https:\/\/www.jiujitsu-frauenkirchen.at\/wp-content\/uploads\/TKA-Lehrgang-4-500x281.jpg 500w, https:\/\/www.jiujitsu-frauenkirchen.at\/wp-content\/uploads\/TKA-Lehrgang-4.jpg 2048w\" sizes=\"(max-width: 300px) 100vw, 300px\" \/><\/a><a href=\"https:\/\/www.jiujitsu-frauenkirchen.at\/wp-content\/uploads\/TKA-Lehrgang-5.jpg\"><img loading=\"lazy\" class=\"alignnone size-medium wp-image-709\" src=\"https:\/\/www.jiujitsu-frauenkirchen.at\/wp-content\/uploads\/TKA-Lehrgang-5-300x168.jpg\" alt=\"TKA Lehrgang 5\" width=\"300\" height=\"168\" srcset=\"https:\/\/www.jiujitsu-frauenkirchen.at\/wp-content\/uploads\/TKA-Lehrgang-5-300x168.jpg 300w, https:\/\/www.jiujitsu-frauenkirchen.at\/wp-content\/uploads\/TKA-Lehrgang-5-1024x575.jpg 1024w, https:\/\/www.jiujitsu-frauenkirchen.at\/wp-content\/uploads\/TKA-Lehrgang-5-500x281.jpg 500w, https:\/\/www.jiujitsu-frauenkirchen.at\/wp-content\/uploads\/TKA-Lehrgang-5.jpg 2048w\" sizes=\"(max-width: 300px) 100vw, 300px\" \/><\/a><\/p>\n","protected":false},"excerpt":{"rendered":"<p>Das letzte Training des Jahres am 19.12.2016 fand ein wenig ver\u00e4ndert statt und die Sportler hatten sichtlich Spa\u00df dabei. Training mit Aufw\u00e4rm\u00fcbungen und verschiedenen Techniken Im Juni 2016 haben einige unserer Sportler ihre ersten Pr\u00fcfungen im Jiu Jitsu erfolgreich absolviert. &hellip; <a href=\"https:\/\/www.jiujitsu-frauenkirchen.at\/?page_id=1054\">Weiterlesen <span class=\"meta-nav\">&rarr;<\/span><\/a><\/p>\n","protected":false},"author":6,"featured_media":0,"parent":1079,"menu_order":0,"comment_status":"closed","ping_status":"closed","template":"","meta":[],"_links":{"self":[{"href":"https:\/\/www.jiujitsu-frauenkirchen.at\/index.php?rest_route=\/wp\/v2\/pages\/1054"}],"collection":[{"href":"https:\/\/www.jiujitsu-frauenkirchen.at\/index.php?rest_route=\/wp\/v2\/pages"}],"about":[{"href":"https:\/\/www.jiujitsu-frauenkirchen.at\/index.php?rest_route=\/wp\/v2\/types\/page"}],"author":[{"embeddable":true,"href":"https:\/\/www.jiujitsu-frauenkirchen.at\/index.php?rest_route=\/wp\/v2\/users\/6"}],"replies":[{"embeddable":true,"href":"https:\/\/www.jiujitsu-frauenkirchen.at\/index.php?rest_route=%2Fwp%2Fv2%2Fcomments&post=1054"}],"version-history":[{"count":4,"href":"https:\/\/www.jiujitsu-frauenkirchen.at\/index.php?rest_route=\/wp\/v2\/pages\/1054\/revisions"}],"predecessor-version":[{"id":1060,"href":"https:\/\/www.jiujitsu-frauenkirchen.at\/index.php?rest_route=\/wp\/v2\/pages\/1054\/revisions\/1060"}],"up":[{"embeddable":true,"href":"https:\/\/www.jiujitsu-frauenkirchen.at\/index.php?rest_route=\/wp\/v2\/pages\/1079"}],"wp:attachment":[{"href":"https:\/\/www.jiujitsu-frauenkirchen.at\/index.php?rest_route=%2Fwp%2Fv2%2Fmedia&parent=1054"}],"curies":[{"name":"wp","href":"https:\/\/api.w.org\/{rel}","templated":true}]}}